What is the remainder when 48 is divided by 43?
5
What is the remainder when 165 is divided by 6?
3
What is the remainder when 119 is divided by 17?
0
Calculate the remainder when 712 is divided by 35.
12
What is the remainder when 323 is divided by 22?
15
Calculate the remainder when 19668 is divided by 89.
88
Calculate the remainder when 123 is divided by 54.
15
Calculate the remainder when 1281 is divided by 391.
108
What is the remainder when 70 is divided by 28?
14
Calculate the remainder when 78 is divided by 17.
10
What is the remainder when 7619 is divided by 44?
7
Calculate the remainder when 294 is divided by 19.
9
Calculate the remainder when 1969 is divided by 9.
7
What is the remainder when 1221 is divided by 153?
150
What is the remainder when 1021 is divided by 115?
101
Calculate the remainder when 13190 is divided by 197.
188
Calculate the remainder when 904 is divided by 233.
205
What is the remainder when 1246 is divided by 52?
50
What is the remainder when 4479 is divided by 14?
13
Calculate the remainder when 2559 is divided by 151.
143
Calculate the remainder when 122 is divided by 29.
6
Calculate the remainder when 1787 is divided by 581.
44
What is the remainder when 395 is divided by 239?
156
What is the remainder when 892 is divided by 228?
208
Calculate the remainder when 361 is divided by 16.
9
What is the remainder when 416 is divided by 139?
138
Calculate the remainder when 51 is divided by 22.
7
Calculate the remainder when 635 is divided by 22.
19
What is the remainder when 291 is divided by 76?
63
Calculate the remainder when 1734 is divided by 161.
124
Calculate the remainder when 4353 is divided by 65.
63
Calculate the remainder when 33 is divided by 18.
15
Calculate the remainder when 40 is divided by 2.
0
Calculate the remainder when 3610 is divided by 43.
41
What is the remainder when 369 is divided by 124?
121
Calculate the remainder when 155 is divided by 29.
10
Calculate the remainder when 39 is divided by 14.
11
Calculate the remainder when 280 is divided by 64.
24
Calculate the remainder when 206 is divided by 15.
11
Calculate the remainder when 1185 is divided by 34.
29
What is the remainder when 4496 is divided by 281?
0
What is the remainder when 345 is divided by 70?
65
What is the remainder when 425 is divided by 138?
11
What is the remainder when 442 is divided by 75?
67
Calculate the remainder when 79 is divided by 52.
27
Calculate the remainder when 292 is divided by 74.
70
What is the remainder when 1560 is divided by 225?
210
What is the remainder when 1839 is divided by 66?
57
What is the remainder when 2460 is divided by 25?
10
Calculate the remainder when 106 is divided by 46.
14
What is the remainder when 118 is divided by 10?
8
Calculate the remainder when 95 is divided by 11.
7
What is the remainder when 246 is divided by 17?
8
Calculate the remainder when 304 is divided by 44.
40
Calculate the remainder when 225 is divided by 73.
6
Calculate the remainder when 4314 is divided by 718.
6
What is the remainder when 129 is divided by 35?
24
Calculate the remainder when 896 is divided by 88.
16
Calculate the remainder when 25 is divided by 14.
11
What is the remainder when 979 is divided by 82?
77
Calculate the remainder when 357 is divided by 20.
17
What is the remainder when 614 is divided by 104?
94
Calculate the remainder when 644 is divided by 47.
33
What is the remainder when 97 is divided by 49?
48
What is the remainder when 526 is divided by 48?
46
What is the remainder when 2236 is divided by 70?
66
What is the remainder when 5 is divided by 3?
2
What is the remainder when 546 is divided by 244?
58
Calculate the remainder when 342 is divided by 58.
52
Calculate the remainder when 839 is divided by 70.
69
What is the remainder when 307 is divided by 55?
32
Calculate the remainder when 6680 is divided by 2223.
11
What is the remainder when 6453 is divided by 645?
3
What is the remainder when 675 is divided by 218?
21
Calculate the remainder when 496 is divided by 5.
1
What is the remainder when 58 is divided by 7?
2
Calculate the remainder when 105 is divided by 28.
21
Calculate the remainder when 764 is divided by 22.
16
What is the remainder when 2077 is divided by 237?
181
Calculate the remainder when 562 is divided by 81.
76
Calculate the remainder when 401 is divided by 37.
31
What is the remainder when 44 is divided by 5?
4
Calculate the remainder when 93 is divided by 4.
1
Calculate the remainder when 142 is divided by 25.
17
What is the remainder when 4588 is divided by 135?
133
What is the remainder when 20 is divided by 8?
4
Calculate the remainder when 596 is divided by 120.
116
What is the remainder when 112 is divided by 23?
20
What is the remainder when 468 is divided by 164?
140
What is the remainder when 4516 is divided by 113?
109
What is the remainder when 1662 is divided by 14?
10
Calculate the remainder when 1391 is divided by 20.
11
Calculate the remainder when 124 is divided by 43.
38
What is the remainder when 1328 is divided by 9?
5
Calculate the remainder when 2371 is divided by 22.
17
Calculate the remainder when 62 is divided by 29.
4
What is the remainder when 4675 is divided by 120?
115
Calculate the remainder when 120 is divided by 93.
27
Calculate the remainder when 684 is divided by 86.
82
What is the remainder when 479 is divided by 32?
31
Calculate the remainder when 865 is divided by 125.
115
What is the remainder when 1372 is divided by 129?
82
What is the remainder when 570 is divided by 569?
1
What is the remainder when 65 is divided by 26?
13
What is the remainder when 55 is divided by 27?
1
Calculate the remainder when 761 is divided by 150.
11
Calculate the remainder when 626 is divided by 569.
57
Calculate the remainder when 383 is divided by 24.
23
What is the remainder when 991 is divided by 8?
7
What is the remainder when 82 is divided by 17?
14
What is the remainder when 1427 is divided by 34?
33
What is the remainder when 415 is divided by 17?
7
What is the remainder when 203 is divided by 6?
5
What is the remainder when 189 is divided by 38?
37
Calculate the remainder when 8519 is divided by 213.
212
What is the remainder when 7174 is divided by 23?
21
Calculate the remainder when 196 is divided by 18.
16
What is the remainder when 1539 is divided by 14?
13
What is the remainder when 32639 is divided by 12?
11
Calculate the remainder when 500 is divided by 76.
44
What is the remainder when 140 is divided by 34?
4
Calculate the remainder when 161 is divided by 15.
11
What is the remainder when 119 is divided by 15?
14
What is the remainder when 538 is divided by 12?
10
Calculate the remainder when 673 is divided by 167.
5
What is the remainder when 6516 is divided by 2171?
3
What is the remainder when 46 is divided by 25?
21
What is the remainder when 2892 is divided by 16?
12
What is the remainder when 83 is divided by 48?
35
Calculate the remainder when 26 is divided by 17.
9
What is the remainder when 1423 is divided by 6?
1
Calculate the remainder when 4963 is divided by 53.
34
What is the remainder when 20221 is divided by 27?
25
Calculate the remainder when 340 is divided by 18.
16
Calculate the remainder when 295 is divided by 24.
7
Calculate the remainder when 1727 is divided by 54.
53
Calculate the remainder when 537 is divided by 67.
1
What is the remainder when 138 is divided by 18?
12
Calculate the remainder when 286 is divided by 15.
1
Calculate the remainder when 3409 is divided by 22.
21
What is the remainder when 139 is divided by 19?
6
What is the remainder when 305 is divided by 101?
2
What is the remainder when 227 is divided by 42?
17
Calculate the remainder when 776 is divided by 7.
6
What is the remainder when 958 is divided by 31?
28
What is the remainder when 397 is divided by 28?
5
What is the remainder when 285 is divided by 9?
6
What is the remainder when 2223 is divided by 159?
156
Calculate the remainder when 494 is divided by 37.
13
Calculate the remainder when 339 is divided by 69.
63
Calculate the remainder when 45 is divided by 39.
6
Calculate the remainder when 6680 is divided by 304.
296
What is the remainder when 315 is divided by 11?
7
What is the remainder when 781 is divided by 64?
13
What is t